ert 82610a (base 13) to base 3.
12201111020020
Convert 515112015 (base 6) to base 2.
100010000001111011101011
1000111101011110 (base 2) to base 10
36702
-18a55 (base 14) to base 11
-42980
What is -7734133 (base 8) in base 6?
-112320043
752cdd (base 15) to base 2
10101010001111010101000
What is 12130 (base 14) in base 16?
ac6e
-202323313 (base 4) to base 16
-22ef7
Convert -7c0da8 (base 14) to base 7.
-50640601
What is 3044335 (base 6) in base 2?
100011101011100011
42200234 (base 5) to base 9
583175
What is 32440b (base 12) in base 10?
795467
-24303011 (base 6) to base 2
-10111100000110101111
What is -11201101000121 (base 3) in base 14?
-49390b
-65cb80 (base 14) to base 10
-3454220
416167 (base 12) to base 10
1026655
Convert 112222120202010 (base 3) to base 11.
454a034
What is -75115 (base 11) in base 3?
-12112220101
Convert -41823 (base 12) to base 3.
-11100202200
What is -6230434 (base 7) in base 14?
-1562c4
-20220212 (base 4) to base 3
-1210111212
Convert 13646832 (base 9) to base 4.
121303012001
-121003 (base 7) to base 6
-245351
Convert -473242 (base 9) to base 11.
-184836
Convert -7165147 (base 8) to base 5.
-441120030
-12070 (base 10) to base 4
-2330212
Convert 9729 (base 14) to base 9.
38725
Convert -1332140 (base 5) to base 14.
-9c8a
Convert 10000010100111111101010 (base 2) to base 9.
8043416
11651051 (base 7) to base 15
15c648
Convert -105d5 (base 16) to base 8.
-202725
What is b5ca4 (base 13) in base 12?
139506
-27adb4 (base 15) to base 6
-104534241
304341240 (base 5) to base 10
1246445
Convert 141068 (base 14) to base 5.
134204244
What is -e988 (base 16) in base 2?
-1110100110001000
Convert 264722 (base 8) to base 6.
1552454
Convert -3a437 (base 12) to base 13.
-2a601
What is 1ce972 (base 16) in base 2?
111001110100101110010
-3063514 (base 8) to base 9
-1468045
-29308a (base 12) to base 10
-689578
Convert 753717 (base 9) to base 12.
19795a
What is -33a39 (base 13) in base 6?
-2003124
What is -1213223032 (base 4) in base 16?
-67ace
212221120120121 (base 3) to base 5
11224222244
What is 5328766 (base 12) in base 3?
1002121022100020
What is 101000011100101110010000 (base 2) in base 9?
21851124
Convert -26550 (base 7) to base 16.
-1be4
14330013 (base 5) to base 16
2514b
Convert -50d90 (base 16) to base 3.
-121211020220
28ce (base 15) to base 8
21050
1603657 (base 11) to base 4
22131211320
-1911c (base 16) to base 14
-295c8
150541 (base 12) to base 4
1112100001
What is 235b9 (base 14) in base 13?
30314
19b035 (base 15) to base 9
2317585
Convert 49c56 (base 13) to base 15.
2a4e6
What is -132179a (base 11) in base 5?
-1041130113
Convert -1010100110000100 (base 2) to base 10.
-43396
What is 33220011121 (base 4) in base 3?
21201010010111
-40414343 (base 5) to base 16
-4fa4f
Convert 646fdb (base 16) to base 10.
6582235
Convert -85c01 (base 13) to base 3.
-110021021112
32443530 (base 8) to base 16
6a4758
-100002012112 (base 3) to base 15
-37e6e
What is -101333010 (base 4) in base 8?
-217704
-24410133 (base 6) to base 2
-10111110001011001001
What is -13043434 (base 5) in base 8?
-371772
Convert 22120b (base 13) to base 3.
1111202111010
Convert -19d390 (base 14) to base 7.
-10551040
What is -27646 (base 16) in base 2?
-100111011001000110
-13143045 (base 6) to base 13
-122444
Convert -212000210000 (base 3) to base 2.
-1101110101010011100
11114433 (base 5) to base 9
158530
What is 3e036 (base 16) in base 4?
332000312
-2261a9 (base 11) to base 5
-43001420
What is -15d9b (base 15) in base 16?
-113ab
-17f412 (base 16) to base 5
-400213220
-2223222 (base 4) to base 8
-25352
-13423235 (base 6) to base 8
-1567307
What is -21022211330 (base 4) in base 6?
-123255312
Convert 57599 (base 14) to base 16.
33db3
-4445787 (base 10) to base 11
-2567205
What is 121460 (base 7) in base 6?
250422
What is 8012828 (base 9) in base 3?
22000102220222
What is -1001122041 (base 5) in base 9?
-3636882
Convert 13058b (base 16) to base 8.
4602613
What is 94870 (base 12) in base 4?
233203110
Convert 1144262 (base 9) to base 5.
124313433
Convert -876037 (base 9) to base 6.
-15112011
b27c6 (base 13) to base 4
1032012212
-735230 (base 10) to base 3
-1101100112202
-3451375 (base 10) to base 16
-34a9ef
-260035044 (base 7) to base 12
-5628b16
What is 43158 (base 12) in base 15?
1b295
5b9a26 (base 13) to base 3
11010101001001
What is -233619b (base 12) in base 6?
-401321115
What is 34000241 (base 5) in base 11?
193111
What is -11262031 (base 7) in base 10?
-989920
Convert -2101101012121 (base 3) to base 10.
-1267153
847852 (base 9) to base 11
314a97
-2322230211 (base 4) to base 9
-1384876
Convert 1000111122212 (base 3) to base 4.
2010023120
10636 (base 9) to base 7
26433
What is -5027093 (base 11) in base 2?
-100001111011111111111010
Convert -211032003 (base 4) to base 9.
-252110
What is 2021113 (base 4) in base 10?
8791
What is 530077 (base 10) in base 8?
2013235
-1211500 (base 6) to base 15
-13e00
What is -1b36368 (base 12) in base 2?
-10110000111000110000000
Convert -3480126 (base 9) to base 15.
-272e5c
What is -12610033 (base 7) in base 16?
-11bb7c
100100111011110111010 (base 2) to base 6
41535122
What is 1121323000 (base 4) in base 14?
98328
What is 324534 (base 6) in base 10?
26986
Convert -47697 (base 14) to base 4.
-222201211
What is -2ecd3 (base 16) in base 14?
-4dc0b
44210434 (base 6) to base 7
14151154
-aa230a (base 11) to base 6
-101415535
What is 62b36d (base 16) in base 9?
13148048
Convert -112431003 (base 5) to base 6.
-15005543
What is -313d6 (base 14) in base 9?
-200824
-a8cc9 (base 16) to base 3
-1022010102110
What is -2dc11 (base 15) in base 14?
-3bc41
What is 2547629 (base 12) in base 4?
123321023001
What is 3b874a (base 12) in base 2?
11110001100100101010
What is 180731 (base 9) in base 11?
77279
What is 74db9 (base 14) in base 10?
282599
Convert -8268b (base 15) to base 3.
-202222211212
Convert 1123122003 (base 4) to base 6.
12005203
Convert 876796 (base 16) to base 5.
4232431003
Convert -b0a9 (base 15) to base 7.
-213462
-2023021002 (base 4) to base 15
-b3cec
Convert 48cf3d (base 16) to base 10.
4771645
12350432 (base 6) to base 12
175418
What is -340234 (base 8) in base 7?
-655552
4c774c (base 13) to base 11
104a906
-374298 (base 15) to base 6
-132420425
2bb3 (base 15) to base 4
2102301
Convert 5492 (base 16) to base 15.
6635
What is 2000121202122 (base 3) in base 5?
233400403
What is 302402344 (base 5) in base 10?
1215974
What is -140421353 (base 6) in base 7?
-33040452
Convert -121013 (base 5) to base 6.
-32512
Convert -45844 (base 9) to base 12.
-15841
Convert 1110110001111011101110 (base 2) to base 16.
3b1eee
-7df5 (base 16) to base 13
-118a5
-35370 (base 15) to base 7
-1304154
What is 15315521 (base 6) in base 12?
21bba1
332003 (base 4) to base 14
1639
Convert -a78d0 (base 14) to base 16.
-62e7e
What is -db75c (base 16) in base 4?
-3123131130
Convert -1342463 (base 7) to base 8.
-534651
Convert -1724188 (base 9) to base 16.
-ea9d7
What is -2000120112202 (base 3) in base 13?
-2b7c3c
4001124 (base 8) to base 2
100000000001001010100
-10302010303 (base 4) to base 2
-100110010000100110011
55666 (base 15) to base 9
453316
761152 (base 11) to base 15
190792
Convert -163264a (base 14) to base 6.
-1025055122
1657a (base 11) to base 12
115b3
What is -12201112121 (base 3) in base 8?
-334024
7db8bb (base 16) to base 13
1926328
Convert 1201481 (base 12) to base 13.
950968
-24418 (base 12) to base 3
-2111012002
-24452433 (base 6) to base 15
-10776c
Convert -10111101110000110100101 (base 2) to base 12.
-20ba571
Convert 488c85 (base 14) to base 15.
340ab5
Convert -10010111111001100001 (base 2) to base 14.
-122a53
What is -4e67 (base 16) in base 8?
-47147
What is -30121321 (base 6) in base 9?
-1535614
What is -62d4 (base 16) in base 14?
-9312
-170047 (base 9) to base 10
-105019
-122203420 (base 5) to base 15
-b845a
-111002132 (base 7) to base 11
-3870977
Convert 235540325 (base 6) to base 7.
53023022
Convert 35a548 (base 11) to base 9.
1058304
What is 20111102021 (base 3) in base 7?
1041553
-82065 (base 9) to base 16
-d2f5
1b9588 (base 12) to base 10
493304
Convert -23a6a1 (base 14) to base 11.
-763386
Convert 101241425 (base 6) to base 9.
3252858
Convert -211149 (base 10) to base 6.
-4305313
Convert 153473 (base 8) to base 2.
1101011100111011
Convert 30055203 (base